umber?
False
Is ((-58)/8 + 7)*-37244 composite?
False
Suppose -6*g = -0*g - 15474. Is g a prime number?
True
Let z = -156 + 160. Suppose z*f = -4*j + 3332, 4200 = 5*j + f - 3*f. Is j prime?
False
Let u(a) = 104*a**2 + 17*a + 11. Is u(8) prime?
True
Let v(d) = -2*d + 7. Let i be v(8). Is (-3607)/i + 4/18 a prime number?
True
Let m(q) = -6*q**3 + 3*q**2 - 11*q - 3. Suppose 1 = 4*w + 3*y + 9, -2*w + 2 = 3*y. Is m(w) composite?
False
Let v(m) = -235*m**2 - 66*m + 126. Let n(x) = 47*x**2 + 13*x - 25. Let i(l) = 11*n(l) + 2*v(l). Is i(6) a prime number?
False
Let w(q) = -q**2 - 5*q + 2. Let c be w(-5). Let x be (-3377)/22 + c/4. Let z = -70 - x. Is z a composite number?
False
Is 24/120 + ((-23716)/10)/(-2) prime?
False
Suppose -2*p + 138 = -p. Is (-2*1)/(-4 - (-548)/p) prime?
False
Suppose -2*j - 2636 = -6*j. Let r = 966 - j. Is r composite?
False
Let l(i) = -i - 38. Let x be l(-17). Is -1 - (3 + 1/3)*x a composite number?
True
Let q = 793 + -210. Is q a composite number?
True
Let a(w) = w**2 + 15*w + 5. Let v be a(-14). Is 2/9 + (-529)/v composite?
False
Is (-16034 + 1)/((11 - 3) + -9) a composite number?
False
Let l(s) = 14*s**3 + 2*s**2 - 18*s + 9. Is l(10) a prime number?
True
Is (-713)/(12 - (1 - -12)) prime?
False
Let h(f) = -127*f + 5. Is h(-2) a composite number?
True
Let g = 45 - 43. Suppose -8*v + g*v = -2130. Is v prime?
False
Suppose 2*g - 3272 = -c - 3*g, -5*c + 16220 = -3*g. Is c a prime number?
False
Is (-15 - -17) + 32134 + 5 composite?
False
Suppose 45*l - 331916 = 1900759. Is l a prime number?
False
Suppose 1848 = -12*p + 5*p. Let z = 905 + p. Is z a composite number?
False
Let p be (-31)/((12/(-900))/(1/3)). Let k = 47 - -235. Let y = p - k. Is y a prime number?
False
Let g be ((-9368)/32)/(2/(-8)). Suppose 4*h - 2367 = -5*l, 5*l - g = h - 3*h. Suppose s - 2*r = 287, -s - 4*r = s - h. Is s prime?
True
Let c be ((-288)/(-27))/(2/144). Let j = c - 29. Is j composite?
False
Is 1/(-1)*(-2 - (1561 + -2)) a prime number?
False
Let x(m) = -m**3 - 36*m**2 - 72*m + 48. Is x(-35) a composite number?
True
Let q = -15730 + 22773. Is q composite?
False
Suppose -4*w + 14271 = b - 9*w, 4*w = 4*b - 57116. Is b composite?
False
Let s = -19 + 10. Let n be (-2)/((s/(-24))/3). Is (n - -5)*1*-7 a prime number?
False
Is 2213*((-22)/8)/(-11)*4 a prime number?
True
Let c(b) = 36*b**2 - 11*b - 241. Is c(-16) composite?
False
Let t = 10704 - 6757. Is t prime?
True
Suppose -4*d = 5*w - 125, d - 4*w = -d + 30. Suppose -20 = -5*i + d. Let y = i - -10. Is y a composite number?
False
Let r = 398 + -1. Is r a prime number?
True
Suppose -137*m + 637 = -130*m. Is m prime?
False
Let u(a) = -a**3 - 3*a**2 - 3*a - 6. Let v be u(-3). Suppose v*q = 4*n + 5*q - 3138, 0 = -n + 3*q + 802. Is n a prime number?
True
Let v(u) = -3*u**3 + 7*u**2 + 17*u + 14. Let s(q) = -2*q**3 + 3*q**2 + 8*q + 7. Let z(a) = 7*s(a) - 3*v(a). Suppose -7*y = -5*y + 6. Is z(y) a composite number?
False
Let g be -5*((-12)/(-15))/(-1). Suppose -g*k = -3*p - 8*k + 999, -5*p + 3*k = -1694. Is p a composite number?
False
Let o(j) = 1838*j - 923. Is o(80) a composite number?
False
Let y(n) = 3*n**2 - n + 1. Let g be y(1). Suppose -u - 3*i - 24 = 0, -5*u + g*i - 15 - 123 = 0. Let s = u - -106. Is s prime?
True
Let p(q) = 908*q - 319. Is p(6) a prime number?
False
Let d = -12800 + 18427. Is d prime?
False
Suppose 5*o = 724 + 2581. Suppose -596 - o = -3*s. Is s composite?
False
Suppose -5*v - 6139 = -x, x - 6139 = -208*v + 207*v. Is x a composite number?
True
Let v(q) = -8*q - 35. Let l be v(-5). Suppose 3*s = l*s - 326. Is s prime?
True
Suppose -j = -7 - 44. Let d = 251 + j. Is d a composite number?
True
Let l(q) = 18*q + 7. Suppose 2*s = 3*s - 3*y - 5, 0 = 2*s + 3*y - 10. Suppose s*t - 6*t + 6 = 0. Is l(t) a prime number?
False
Let i be (-10)/4*(-7790)/25. Suppose 2*w = -3*k + 506 + i, -4*w - 3*k + 2579 = 0. Is w composite?
False
Let j(w) = -75*w - 8. Suppose -15 = 8*g - 3*g. Is j(g) a prime number?
False
Let h = 16123 + -8114. Is h composite?
False
Suppose 863 - 2968 = m. Let j = m - -4009. Is ((-2)/(-4))/(8/j) a composite number?
True
Is (-1 - (5 + -4)) + 5811 prime?
False
Let i = 14912 - 6255. Is i prime?
False
Let c(k) = k**2 + 4*k - 6. Let v be (-4)/(-16) - (-21)/(-4). Let n be c(v). Is (-128 + 3)/n - 2 a prime number?
False
Suppose 5*f - 16 = 24. Suppose 0 = 2*t + 3*u - 10, 3*t - 7*t - f = -u. Is (8/(-4) - t)*-187 a composite number?
True
Let x(k) = k**3 - 4*k**2 + 3. Let s be x(4). Suppose s*w + 2*o - 33 = -o, -35 = -3*w - 2*o. Let t = w - -22. Is t a prime number?
False
Let c be 108/26 + (-6)/39. Suppose -c*l + 0*h + 4*h + 552 = 0, 3*l - 394 = -2*h. Is l prime?
False
Suppose -2*i + 8 = -0*i. Suppose 0 = 5*x + g - 728, -x + 9*g = i*g - 130. Is x composite?
True
Suppose -3*i - 2*h - 4 = 6, -3*h - 15 = 5*i. Let w = 0 - i. Let u(v) = v + 191. Is u(w) a composite number?
False
Suppose -2*w + 4*w - 4 = -5*g, 3*g = 0. Is 2115/27 - w/(-3) a prime number?
True
Suppose -3*g - 2695 = -2*x, -2508 = 5*g + 3*x + 2009. Let q = 1654 + g. Suppose -2*z = z - q. Is z a composite number?
False
Suppose -6*x = -10*x + 4*k + 98140, 0 = 5*x + 4*k - 122693. Is x prime?
False
Is (-6989 - 21/(-7))/(-1*2) a composite number?
True
Suppose 8*w - 3*w - i = 8349, 3*i - 6664 = -4*w. Is w prime?
True
Suppose -18*v - 3566 = -56090. Is v prime?
False
Let p(v) = 3*v**2 + 9*v + 1. Let c(f) = -13*f**2 - 37*f - 4. Let q(a) = -2*c(a) - 9*p(a). Let h be q(-6). Let z(s) = 66*s + 1. Is z(h) composite?
False
Let d be (1244/(-7))/((-9)/((-189)/(-6))). Let c(l) = 2*l**2. Let m be c(-1). Suppose -2*y + 908 = y - g, m*y = 4*g + d. Is y a prime number?
False
Let o(l) = -551*l. Let j(n) = 1101*n + 1. Let d(z) = 3*j(z) + 7*o(z). Is d(-1) prime?
True
Let l be (3/6)/(4/(-24)). Let d be (-20)/(-5)*(2 + l). Is (2/d)/((-7)/4130) a composite number?
True
Suppose 3*p = 2*k - 7899 + 1382, 0 = 2*p + 10. Is k a prime number?
True
Suppose -7*x + 12 = -4*x. Suppose -2*r - 1020 = -4*k + r, 0 = -k - x*r + 236. Let h = k + 167. Is h a prime number?
True
Suppose -2*v - 4*k = -92622, -3*v - k = v - 185251. Is v a composite number?
True
Let b(r) = 7*r**2 - r. Let x be b(-7). Suppose 3*c - 346 = -5*f, -3*c = 5*f + 2*c - x. Suppose 2*y - 590 = f. Is y a prime number?
False
Suppose 0 = -5*i + 4*t + 1995, -6*i + i - t + 1995 = 0. Suppose 0 = -5*z + 3934 - i. Is z a prime number?
False
Let y = -380 - -1321. Is y a prime number?
True
Let s(k) = -k**3 + 13*k**2 + 9*k + 15. Is s(12) composite?
True
Suppose 0 = 2*k - 0 + 12. Let m be ((k - -3) + 4)*5. Let c(a) = 2*a**3 - 3*a. Is c(m) composite?
True
Suppose f + 5693 = 3*f + 3*k, -5*f + 14224 = -k. Is f composite?
True
Suppose -5*x = -14377 - 15218. Is x composite?
True
Let v(f) = f**2 - 4*f - 9. Let n be v(5). Let i = n + 8. Is ((-4870)/(-25))/(i/10) prime?
True
Let r(n) = n**3 + 12*n**2 + 3. Let d be r(-12). Suppose 2*w + 8 = 3*s, 26 = 4*s + s + d*w. Is (-1)/(s/(-844)) + 4 prime?
False
Suppose 0*x = -5*x - 15. Let z be 1*(-31 + x/(-3)). Is (-20)/z + 578/6 a prime number?
True
Let r(u) be the second derivative of -13*u**5/10 + u**4/6 + 4*u**3/3 + 25*u**2/2 + 5*u. Is r(-4) a prime number?
False
Suppose n - 10098 = -5*l, -3*n + 21*l + 30394 = 16*l. Is n prime?
False
Let g = 842 + -591. Suppose -5*u - 1285 = -6*i + i, g = -u - 2*i. Let t = u + 828. Is t prime?
False
Suppose 3*k = -w - 2*k + 1463, 2940 = 2*w + 3*k. Suppose 0 = -4*n + w + 2123. Is n prime?
False
Let y = -29 - -17. Let a be (y/(-3) + -3)*0. Suppose 5 = 5*u, a*f + 3*f + 4*u = 781. Is f a prime number?
False
Let k(n) = 538*n**3 + 2*n**2 + 2. Let r be k(2). Let q(h) = -2*h**3 + 20*h**2 + h - 10. Let x be q(10). Suppose x*d + r = 6*d. Is d prime?
True
Let s = 92 + -88. Is 675 - (0 + -6 + s) composite?
False
Let m = 19829 + 2598. Is m composite?
True
Suppose -69540 = -5*u + 5*l, -2*l + 9479 = 3*u - 32250. Is u prime?
False
Let x be 0*2/4 + 13. Suppose -6*t - 10*t = 0. Is 4121/x + (t - 0) composite?
False
Suppose -5*j + 50077 - 13022 = 0. Is j composite?
False
Let v(o) be the third derivative of 1/3*o**4 + o**2 - 1/60*o**6 + 0*o - 1/30*o**5 + 0 - 5/6*o**3. Is v(-6) composite?
False
Suppose -73842 = -25*a + 234308. Is a a composite number?
True
Suppose 27*m + 51 = 28*m. Suppose m = a - 126. Is a prime?
False
Let l = -17 + 21. Suppose l*w - 5*y = 4034, -4*w + 7*w -